{"id":86,"date":"2025-12-06T07:23:13","date_gmt":"2025-12-06T07:23:13","guid":{"rendered":"https:\/\/www.larecolteduraleur.fr\/index.php\/ceramique-artisanat\/"},"modified":"2025-12-18T17:42:05","modified_gmt":"2025-12-18T17:42:05","slug":"ceramique-artisanat","status":"publish","type":"page","link":"https:\/\/www.larecolteduraleur.fr\/index.php\/ceramique-artisanat\/","title":{"rendered":"C\u00e9ramique &#038; Artisanat"},"content":{"rendered":"\t\t<div data-elementor-type=\"wp-page\" data-elementor-id=\"86\" class=\"elementor elementor-86\">\n\t\t\t\t<div class=\"elementor-element elementor-element-01e68a5 e-flex e-con-boxed e-con e-parent\" data-id=\"01e68a5\" data-element_type=\"container\">\n\t\t\t\t\t<div class=\"e-con-inner\">\n\t\t\t\t<div class=\"elementor-element elementor-element-c37f333 elementor-widget elementor-widget-heading\" data-id=\"c37f333\" data-element_type=\"widget\" data-widget_type=\"heading.default\">\n\t\t\t\t\t<h1 class=\"elementor-heading-title elementor-size-default\">L' Audace  au F\u00e9minin.<\/h1>\t\t\t\t<\/div>\n\t\t\t\t\t<\/div>\n\t\t\t\t<\/div>\n\t\t<div class=\"elementor-element elementor-element-60ba2c9 e-con-full e-flex e-con e-parent\" data-id=\"60ba2c9\" data-element_type=\"container\">\n\t\t\t\t<div class=\"elementor-element elementor-element-3e9d789 elementor-mobile-align-left elementor-widget__width-initial elementor-widget elementor-widget-button\" data-id=\"3e9d789\" data-element_type=\"widget\" data-widget_type=\"button.default\">\n\t\t\t\t\t\t\t\t\t\t<a class=\"elementor-button elementor-button-link elementor-size-sm elementor-animation-bob\" href=\"https:\/\/maisonmarcorelle.com\" target=\"_blank\" rel=\"noopener\">\n\t\t\t\t\t\t<span class=\"elementor-button-content-wrapper\">\n\t\t\t\t\t\t\t\t\t<span class=\"elementor-button-text\">Manon<\/span>\n\t\t\t\t\t<\/span>\n\t\t\t\t\t<\/a>\n\t\t\t\t\t\t\t\t<\/div>\n\t\t\t\t<div class=\"elementor-element elementor-element-3957ba7 elementor-widget__width-initial elementor-widget elementor-widget-text-editor\" data-id=\"3957ba7\" data-element_type=\"widget\" data-widget_type=\"text-editor.default\">\n\t\t\t\t\t\t\t\t\t<p><strong>Collection Olivia by Maison Marcorelle<\/strong><\/p>\t\t\t\t\t\t\t\t<\/div>\n\t\t\t\t<\/div>\n\t\t<div class=\"elementor-element elementor-element-9c91946 e-con-full e-flex e-con e-parent\" data-id=\"9c91946\" data-element_type=\"container\">\n\t\t\t\t<div class=\"elementor-element elementor-element-7735fa6 elementor-arrows-position-inside elementor-pagination-position-outside elementor-widget elementor-widget-image-carousel\" data-id=\"7735fa6\" data-element_type=\"widget\" data-settings=\"{&quot;navigation&quot;:&quot;both&quot;,&quot;autoplay&quot;:&quot;yes&quot;,&quot;pause_on_hover&quot;:&quot;yes&quot;,&quot;pause_on_interaction&quot;:&quot;yes&quot;,&quot;autoplay_speed&quot;:5000,&quot;infinite&quot;:&quot;yes&quot;,&quot;speed&quot;:500}\" data-widget_type=\"image-carousel.default\">\n\t\t\t\t\t\t\t<div class=\"elementor-image-carousel-wrapper swiper\" role=\"region\" aria-roledescription=\"carousel\" aria-label=\"Carrousel d\u2019images\" dir=\"ltr\">\n\t\t\t<div class=\"elementor-image-carousel swiper-wrapper\" aria-live=\"off\">\n\t\t\t\t\t\t\t\t<div class=\"swiper-slide\" role=\"group\" aria-roledescription=\"slide\" aria-label=\"1 sur 5\"><figure class=\"swiper-slide-inner\"><img decoding=\"async\" class=\"swiper-slide-image\" src=\"https:\/\/www.larecolteduraleur.fr\/wp-content\/uploads\/elementor\/thumbs\/Screenshot-2025-12-10-at-18-12-43-Maison-Marcorelle-Bouteille-huile-_-vinaigre-en-ceramique-rfymciz5h8e25pr040jviy236t9o95ybicxqbxqjs0.png\" alt=\"Screenshot 2025-12-10 at 18-12-43 Maison Marcorelle Bouteille huile _ vinaigre en c\u00e9ramique\" \/><\/figure><\/div><div class=\"swiper-slide\" role=\"group\" aria-roledescription=\"slide\" aria-label=\"2 sur 5\"><figure class=\"swiper-slide-inner\"><img decoding=\"async\" class=\"swiper-slide-image\" src=\"https:\/\/www.larecolteduraleur.fr\/wp-content\/uploads\/elementor\/thumbs\/Screenshot-2025-12-10-at-18-14-35-Instagram-rfymc5tetjw1n6a48uv3k1dmvf2j9ei2sjsxm2a274.png\" alt=\"Screenshot 2025-12-10 at 18-14-35 Instagram\" \/><\/figure><\/div><div class=\"swiper-slide\" role=\"group\" aria-roledescription=\"slide\" aria-label=\"3 sur 5\"><figure class=\"swiper-slide-inner\"><img decoding=\"async\" class=\"swiper-slide-image\" src=\"https:\/\/www.larecolteduraleur.fr\/wp-content\/uploads\/elementor\/thumbs\/Screenshot-2025-12-10-at-18-11-58-Maison-Marcorelle-Bouteille-huile-_-vinaigre-en-ceramique-rfymcy0kikynbh55o71wmu9goz7jobm0wfdi0d490g.png\" alt=\"Screenshot 2025-12-10 at 18-11-58 Maison Marcorelle Bouteille huile _ vinaigre en c\u00e9ramique\" \/><\/figure><\/div><div class=\"swiper-slide\" role=\"group\" aria-roledescription=\"slide\" aria-label=\"4 sur 5\"><figure class=\"swiper-slide-inner\"><img decoding=\"async\" class=\"swiper-slide-image\" src=\"https:\/\/www.larecolteduraleur.fr\/wp-content\/uploads\/elementor\/thumbs\/Screenshot-2025-12-10-at-18-39-42-Maison-Marcorelle-Vase-Cali-en-ceramique-artisanale-rfymrlc10n0i8pv750zlzn71y50gmirfwxcw8lee1s.png\" alt=\"Screenshot 2025-12-10 at 18-39-42 Maison Marcorelle Vase Cali en c\u00e9ramique artisanale\" \/><\/figure><\/div><div class=\"swiper-slide\" role=\"group\" aria-roledescription=\"slide\" aria-label=\"5 sur 5\"><figure class=\"swiper-slide-inner\"><img decoding=\"async\" class=\"swiper-slide-image\" src=\"https:\/\/www.larecolteduraleur.fr\/wp-content\/uploads\/elementor\/thumbs\/Screenshot-2025-12-10-at-18-38-08-Maison-Marcorelle-Bouteille-huile-_-vinaigre-en-ceramique-rfymrvo93tensfg6gngi92l4hdlhz6whmcj8imz25c.png\" alt=\"Screenshot 2025-12-10 at 18-38-08 Maison Marcorelle Bouteille huile _ vinaigre en c\u00e9ramique\" \/><\/figure><\/div>\t\t\t<\/div>\n\t\t\t\t\t\t\t\t\t\t\t\t<div class=\"elementor-swiper-button elementor-swiper-button-prev\" role=\"button\" tabindex=\"0\">\n\t\t\t\t\t\t<svg aria-hidden=\"true\" class=\"e-font-icon-svg e-eicon-chevron-left\" viewBox=\"0 0 1000 1000\" xmlns=\"http:\/\/www.w3.org\/2000\/svg\"><path d=\"M646 125C629 125 613 133 604 142L308 442C296 454 292 471 292 487 292 504 296 521 308 533L604 854C617 867 629 875 646 875 663 875 679 871 692 858 704 846 713 829 713 812 713 796 708 779 692 767L438 487 692 225C700 217 708 204 708 187 708 171 704 154 692 142 675 129 663 125 646 125Z\"><\/path><\/svg>\t\t\t\t\t<\/div>\n\t\t\t\t\t<div class=\"elementor-swiper-button elementor-swiper-button-next\" role=\"button\" tabindex=\"0\">\n\t\t\t\t\t\t<svg aria-hidden=\"true\" class=\"e-font-icon-svg e-eicon-chevron-right\" viewBox=\"0 0 1000 1000\" xmlns=\"http:\/\/www.w3.org\/2000\/svg\"><path d=\"M696 533C708 521 713 504 713 487 713 471 708 454 696 446L400 146C388 133 375 125 354 125 338 125 325 129 313 142 300 154 292 171 292 187 292 204 296 221 308 233L563 492 304 771C292 783 288 800 288 817 288 833 296 850 308 863 321 871 338 875 354 875 371 875 388 867 400 854L696 533Z\"><\/path><\/svg>\t\t\t\t\t<\/div>\n\t\t\t\t\n\t\t\t\t\t\t\t\t\t<div class=\"swiper-pagination\"><\/div>\n\t\t\t\t\t\t\t\t\t<\/div>\n\t\t\t\t\t\t<\/div>\n\t\t\t\t<\/div>\n\t\t<div class=\"elementor-element elementor-element-7cc40f7 e-flex e-con-boxed e-con e-parent\" data-id=\"7cc40f7\" data-element_type=\"container\">\n\t\t\t\t\t<div class=\"e-con-inner\">\n\t\t\t\t<div class=\"elementor-element elementor-element-f8bd809 elementor-widget elementor-widget-spacer\" data-id=\"f8bd809\" data-element_type=\"widget\" data-widget_type=\"spacer.default\">\n\t\t\t\t\t\t\t<div class=\"elementor-spacer\">\n\t\t\t<div class=\"elementor-spacer-inner\"><\/div>\n\t\t<\/div>\n\t\t\t\t\t\t<\/div>\n\t\t\t\t\t<\/div>\n\t\t\t\t<\/div>\n\t\t<div class=\"elementor-element elementor-element-a528e32 e-con-full e-flex e-con e-parent\" data-id=\"a528e32\" data-element_type=\"container\">\n\t\t\t\t<div class=\"elementor-element elementor-element-982ba2b elementor-widget elementor-widget-text-editor\" data-id=\"982ba2b\" data-element_type=\"widget\" data-widget_type=\"text-editor.default\">\n\t\t\t\t\t\t\t\t\t<p style=\"text-align: center;\">S&rsquo;il existe un fil invisible qui relie Manon et moi, au del\u00e0 du travail de la terre et des gestes artisanaux, je le nommerais simplement : <strong>l&rsquo;audace.<\/strong><\/p><p style=\"text-align: center;\">l&rsquo;audace de croire en ce que l&rsquo;on fait, m\u00eame quand personne n&rsquo;en voit encore le sens.<\/p><p style=\"text-align: center;\">L&rsquo;audace de planter des oliviers un jour de tramontane, de manoeuvrer un tracteur, d&rsquo;arroser chaque jeune plant avec des moyens simples, de chercher des solutions l\u00e0 o\u00f9 il n&rsquo;y en a pas et surtout de ne jamais l\u00e2cher.<\/p><p style=\"text-align: center;\">\u00a0c&rsquo;est cette \u00e9nergie qui fa\u00e7onne notre<strong> huile d&rsquo;olive artisanale<\/strong> autant que les saisons.<\/p><p style=\"text-align: center;\">Manon porte cette m\u00eame audace, avec douceur et pr\u00e9cision.<\/p><p style=\"text-align: center;\">Elle fa\u00e7onne l&rsquo;argile pour cr\u00e9er des<strong> aigui\u00e8res en c\u00e9ramique,<\/strong> enti\u00e8rement r\u00e9alis\u00e9es \u00e0 la main, pens\u00e9es <strong>pour pr\u00e9server l&rsquo;huile du R\u00e2leur<\/strong> en la prot\u00e9geant de la lumi\u00e8re et du temps.<\/p><p style=\"text-align: center;\">Solides, uniques et profond\u00e9ment ancr\u00e9es dans un savoir-faire local, ses cr\u00e9ations prolongent naturellement le travail du verger.<\/p><p style=\"text-align: center;\">En d\u00e9couvrant son univers, vous entrerez dans un monde o\u00f9<strong> la c\u00e9ramique artisanale<\/strong>,l&rsquo;amour de la mati\u00e8re et l&rsquo;audace au f\u00e9minin se rencontrent.<\/p><p style=\"text-align: center;\">Cliquez simplement sur <em>Manon<\/em> , et la magie op\u00e8re.<\/p>\t\t\t\t\t\t\t\t<\/div>\n\t\t\t\t<\/div>\n\t\t<div class=\"elementor-element elementor-element-e9d8ef9 e-flex e-con-boxed e-con e-parent\" data-id=\"e9d8ef9\" data-element_type=\"container\">\n\t\t\t\t\t<div class=\"e-con-inner\">\n\t\t\t\t<div class=\"elementor-element elementor-element-905e440 elementor-widget elementor-widget-image\" data-id=\"905e440\" data-element_type=\"widget\" data-widget_type=\"image.default\">\n\t\t\t\t\t\t\t\t\t\t\t\t\t\t\t<img decoding=\"async\" src=\"https:\/\/www.larecolteduraleur.fr\/wp-content\/uploads\/elementor\/thumbs\/file_00000000651471f48e3935478a21f584-1-rfjx1ainfkwfmrrhkuxwjtkbo9gjno4kn1f1e7b20c.png\" title=\"file_00000000651471f48e3935478a21f584 (1)\" alt=\"file_00000000651471f48e3935478a21f584 (1)\" loading=\"lazy\" \/>\t\t\t\t\t\t\t\t\t\t\t\t\t\t\t<\/div>\n\t\t\t\t\t<\/div>\n\t\t\t\t<\/div>\n\t\t<div class=\"elementor-element elementor-element-3c3a110 e-flex e-con-boxed e-con e-parent\" data-id=\"3c3a110\" data-element_type=\"container\">\n\t\t\t\t\t<div class=\"e-con-inner\">\n\t\t\t\t<div class=\"elementor-element elementor-element-08b9024 elementor-widget elementor-widget-spacer\" data-id=\"08b9024\" data-element_type=\"widget\" data-widget_type=\"spacer.default\">\n\t\t\t\t\t\t\t<div class=\"elementor-spacer\">\n\t\t\t<div class=\"elementor-spacer-inner\"><\/div>\n\t\t<\/div>\n\t\t\t\t\t\t<\/div>\n\t\t\t\t\t<\/div>\n\t\t\t\t<\/div>\n\t\t<div class=\"elementor-element elementor-element-bcd48a5 e-flex e-con-boxed e-con e-parent\" data-id=\"bcd48a5\" data-element_type=\"container\">\n\t\t\t\t\t<div class=\"e-con-inner\">\n\t\t\t\t<div class=\"elementor-element elementor-element-d9459e0 elementor-widget elementor-widget-heading\" data-id=\"d9459e0\" data-element_type=\"widget\" data-widget_type=\"heading.default\">\n\t\t\t\t\t<h2 class=\"elementor-heading-title elementor-size-default\">L\u2019\u00e9pouse du R\u00e2leur.<\/h2>\t\t\t\t<\/div>\n\t\t\t\t\t<\/div>\n\t\t\t\t<\/div>\n\t\t<div class=\"elementor-element elementor-element-ae18d21 e-flex e-con-boxed e-con e-parent\" data-id=\"ae18d21\" data-element_type=\"container\">\n\t\t\t\t\t<div class=\"e-con-inner\">\n\t\t<div class=\"elementor-element elementor-element-c5e69c1 e-con-full e-flex e-con e-child\" data-id=\"c5e69c1\" data-element_type=\"container\">\n\t\t\t\t<div class=\"elementor-element elementor-element-653e4e7 elementor-mobile-align-left elementor-widget__width-initial elementor-widget elementor-widget-button\" data-id=\"653e4e7\" data-element_type=\"widget\" data-widget_type=\"button.default\">\n\t\t\t\t\t\t\t\t\t\t<a class=\"elementor-button elementor-button-link elementor-size-sm elementor-animation-bob\" href=\"https:\/\/www.instagram.com\/stories\/delphinebrunel2311\/\" target=\"_blank\" rel=\"noopener\">\n\t\t\t\t\t\t<span class=\"elementor-button-content-wrapper\">\n\t\t\t\t\t\t\t\t\t<span class=\"elementor-button-text\">Delphine<\/span>\n\t\t\t\t\t<\/span>\n\t\t\t\t\t<\/a>\n\t\t\t\t\t\t\t\t<\/div>\n\t\t\t\t<div class=\"elementor-element elementor-element-6521871 elementor-widget__width-initial elementor-widget elementor-widget-text-editor\" data-id=\"6521871\" data-element_type=\"widget\" data-widget_type=\"text-editor.default\">\n\t\t\t\t\t\t\t\t\t<p><strong>Le travail de la terre<\/strong><\/p>\t\t\t\t\t\t\t\t<\/div>\n\t\t\t\t<\/div>\n\t\t\t\t\t<\/div>\n\t\t\t\t<\/div>\n\t\t<div class=\"elementor-element elementor-element-cd03198 e-flex e-con-boxed e-con e-parent\" data-id=\"cd03198\" data-element_type=\"container\">\n\t\t\t\t\t<div class=\"e-con-inner\">\n\t\t\t\t<div class=\"elementor-element elementor-element-352dac1 elementor-arrows-position-inside elementor-pagination-position-outside elementor-widget elementor-widget-image-carousel\" data-id=\"352dac1\" data-element_type=\"widget\" data-settings=\"{&quot;navigation&quot;:&quot;both&quot;,&quot;autoplay&quot;:&quot;yes&quot;,&quot;pause_on_hover&quot;:&quot;yes&quot;,&quot;pause_on_interaction&quot;:&quot;yes&quot;,&quot;autoplay_speed&quot;:5000,&quot;infinite&quot;:&quot;yes&quot;,&quot;speed&quot;:500}\" data-widget_type=\"image-carousel.default\">\n\t\t\t\t\t\t\t<div class=\"elementor-image-carousel-wrapper swiper\" role=\"region\" aria-roledescription=\"carousel\" aria-label=\"Carrousel d\u2019images\" dir=\"ltr\">\n\t\t\t<div class=\"elementor-image-carousel swiper-wrapper\" aria-live=\"off\">\n\t\t\t\t\t\t\t\t<div class=\"swiper-slide\" role=\"group\" aria-roledescription=\"slide\" aria-label=\"1 sur 6\"><figure class=\"swiper-slide-inner\"><img decoding=\"async\" class=\"swiper-slide-image\" src=\"https:\/\/www.larecolteduraleur.fr\/wp-content\/uploads\/2025\/12\/12032009.jpg\" alt=\"lever du jour\" \/><\/figure><\/div><div class=\"swiper-slide\" role=\"group\" aria-roledescription=\"slide\" aria-label=\"2 sur 6\"><figure class=\"swiper-slide-inner\"><img decoding=\"async\" class=\"swiper-slide-image\" src=\"https:\/\/www.larecolteduraleur.fr\/wp-content\/uploads\/2025\/12\/06042009003.jpg\" alt=\"Delphine tenant les piquets des futurs plants d&#039;oliviers\" \/><\/figure><\/div><div class=\"swiper-slide\" role=\"group\" aria-roledescription=\"slide\" aria-label=\"3 sur 6\"><figure class=\"swiper-slide-inner\"><img decoding=\"async\" class=\"swiper-slide-image\" src=\"https:\/\/www.larecolteduraleur.fr\/wp-content\/uploads\/2025\/12\/10032009.jpg\" alt=\"Delphine passant le tracteur sur la parcelle\" \/><\/figure><\/div><div class=\"swiper-slide\" role=\"group\" aria-roledescription=\"slide\" aria-label=\"4 sur 6\"><figure class=\"swiper-slide-inner\"><img decoding=\"async\" class=\"swiper-slide-image\" src=\"https:\/\/www.larecolteduraleur.fr\/wp-content\/uploads\/2025\/12\/06042009001.jpg\" alt=\"Delphine sur le tracteur\" \/><\/figure><\/div><div class=\"swiper-slide\" role=\"group\" aria-roledescription=\"slide\" aria-label=\"5 sur 6\"><figure class=\"swiper-slide-inner\"><img decoding=\"async\" class=\"swiper-slide-image\" src=\"https:\/\/www.larecolteduraleur.fr\/wp-content\/uploads\/2025\/12\/20082009001.jpg\" alt=\"arrosage jeunes olivers\" \/><\/figure><\/div><div class=\"swiper-slide\" role=\"group\" aria-roledescription=\"slide\" aria-label=\"6 sur 6\"><figure class=\"swiper-slide-inner\"><img decoding=\"async\" class=\"swiper-slide-image\" src=\"https:\/\/www.larecolteduraleur.fr\/wp-content\/uploads\/2025\/12\/20082009.jpg\" alt=\"arrosage jeunes oliviers\" \/><\/figure><\/div>\t\t\t<\/div>\n\t\t\t\t\t\t\t\t\t\t\t\t<div class=\"elementor-swiper-button elementor-swiper-button-prev\" role=\"button\" tabindex=\"0\">\n\t\t\t\t\t\t<svg aria-hidden=\"true\" class=\"e-font-icon-svg e-eicon-chevron-left\" viewBox=\"0 0 1000 1000\" xmlns=\"http:\/\/www.w3.org\/2000\/svg\"><path d=\"M646 125C629 125 613 133 604 142L308 442C296 454 292 471 292 487 292 504 296 521 308 533L604 854C617 867 629 875 646 875 663 875 679 871 692 858 704 846 713 829 713 812 713 796 708 779 692 767L438 487 692 225C700 217 708 204 708 187 708 171 704 154 692 142 675 129 663 125 646 125Z\"><\/path><\/svg>\t\t\t\t\t<\/div>\n\t\t\t\t\t<div class=\"elementor-swiper-button elementor-swiper-button-next\" role=\"button\" tabindex=\"0\">\n\t\t\t\t\t\t<svg aria-hidden=\"true\" class=\"e-font-icon-svg e-eicon-chevron-right\" viewBox=\"0 0 1000 1000\" xmlns=\"http:\/\/www.w3.org\/2000\/svg\"><path d=\"M696 533C708 521 713 504 713 487 713 471 708 454 696 446L400 146C388 133 375 125 354 125 338 125 325 129 313 142 300 154 292 171 292 187 292 204 296 221 308 233L563 492 304 771C292 783 288 800 288 817 288 833 296 850 308 863 321 871 338 875 354 875 371 875 388 867 400 854L696 533Z\"><\/path><\/svg>\t\t\t\t\t<\/div>\n\t\t\t\t\n\t\t\t\t\t\t\t\t\t<div class=\"swiper-pagination\"><\/div>\n\t\t\t\t\t\t\t\t\t<\/div>\n\t\t\t\t\t\t<\/div>\n\t\t\t\t\t<\/div>\n\t\t\t\t<\/div>\n\t\t<div class=\"elementor-element elementor-element-e1e13c5 e-flex e-con-boxed e-con e-parent\" data-id=\"e1e13c5\" data-element_type=\"container\">\n\t\t\t\t\t<div class=\"e-con-inner\">\n\t\t\t\t<div class=\"elementor-element elementor-element-19afedc elementor-widget elementor-widget-spacer\" data-id=\"19afedc\" data-element_type=\"widget\" data-widget_type=\"spacer.default\">\n\t\t\t\t\t\t\t<div class=\"elementor-spacer\">\n\t\t\t<div class=\"elementor-spacer-inner\"><\/div>\n\t\t<\/div>\n\t\t\t\t\t\t<\/div>\n\t\t\t\t\t<\/div>\n\t\t\t\t<\/div>\n\t\t<div class=\"elementor-element elementor-element-e201dd1 e-con-full e-flex e-con e-parent\" data-id=\"e201dd1\" data-element_type=\"container\">\n\t\t\t\t<div class=\"elementor-element elementor-element-7bb3b64 elementor-widget elementor-widget-text-editor\" data-id=\"7bb3b64\" data-element_type=\"widget\" data-widget_type=\"text-editor.default\">\n\t\t\t\t\t\t\t\t\t<p style=\"text-align: center;\">Quand j&rsquo;observe aujourd&rsquo;hui<strong> les oliviers du R\u00e2leur, <\/strong>majestueux, solides, <strong>enracin\u00e9s,\u00a0<\/strong> charg\u00e9s de fruits,\u00a0 je mesure le chemin parcouru.<\/p><p style=\"text-align: center;\">Apr\u00e8s la r\u00e9colte de l&rsquo;automne, le verger entre dans le temps du repos.L&rsquo;hiver pr\u00e9pare la terre et les arbres \u00e0 la taille, \u00e9tape essentielle avant la pr\u00e9floraison du printemps,\u00a0 dans l&rsquo;attente d&rsquo;une pluie bienveillante.<\/p><p style=\"text-align: center;\">Tout au long de l&rsquo;\u00e9t\u00e9, le fruit se d\u00e9veloppe lentement.Il grossit , se charge en huile \u00e9volue progressivement.En septembre d\u00e9bute <strong>la v\u00e9raison<\/strong> : les olives passent du vert au violac\u00e9, puis au noir, jusqu&rsquo;\u00e0 la r\u00e9colte de novembre, qui donne naissance \u00e0 notre<strong> huile d&rsquo;olive artisanale.<\/strong><\/p><p style=\"text-align: center;\"><strong>Et de ce ballet silencieux de la terre et du temps, r\u00e9sonne la douce complainte du r\u00e2leur, un murmure devenu la bande-son du verger, aussi indispensable que la pluie, la lumi\u00e8re et la patience qui accompagnent chaque arbre.<\/strong><\/p>\t\t\t\t\t\t\t\t<\/div>\n\t\t\t\t<\/div>\n\t\t<div class=\"elementor-element elementor-element-6fdd800 e-flex e-con-boxed e-con e-parent\" data-id=\"6fdd800\" data-element_type=\"container\">\n\t\t\t\t\t<div class=\"e-con-inner\">\n\t\t\t\t<div class=\"elementor-element elementor-element-2e7595f elementor-widget elementor-widget-image\" data-id=\"2e7595f\" data-element_type=\"widget\" data-widget_type=\"image.default\">\n\t\t\t\t\t\t\t\t\t\t\t\t\t\t\t<img decoding=\"async\" src=\"https:\/\/www.larecolteduraleur.fr\/wp-content\/uploads\/elementor\/thumbs\/file_00000000651471f48e3935478a21f584-1-rfjx1ainfkwfmrrhkuxwjtkbo9gjno4kn1f1e7b20c.png\" title=\"file_00000000651471f48e3935478a21f584 (1)\" alt=\"file_00000000651471f48e3935478a21f584 (1)\" loading=\"lazy\" \/>\t\t\t\t\t\t\t\t\t\t\t\t\t\t\t<\/div>\n\t\t\t\t\t<\/div>\n\t\t\t\t<\/div>\n\t\t\t\t<\/div>\n\t\t","protected":false},"excerpt":{"rendered":"<p>L&rsquo; Audace au F\u00e9minin. Manon Collection Olivia by Maison Marcorelle S&rsquo;il existe un fil invisible qui relie Manon et moi, [&hellip;]<\/p>\n","protected":false},"author":1,"featured_media":0,"parent":0,"menu_order":0,"comment_status":"closed","ping_status":"closed","template":"","meta":{"site-sidebar-layout":"no-sidebar","site-content-layout":"","ast-site-content-layout":"full-width-container","site-content-style":"default","site-sidebar-style":"default","ast-global-header-display":"","ast-banner-title-visibility":"","ast-main-header-display":"","ast-hfb-above-header-display":"","ast-hfb-below-header-display":"","ast-hfb-mobile-header-display":"","site-post-title":"disabled","ast-breadcrumbs-content":"","ast-featured-img":"disabled","footer-sml-layout":"","theme-transparent-header-meta":"","adv-header-id-meta":"","stick-header-meta":"","header-above-stick-meta":"","header-main-stick-meta":"","header-below-stick-meta":"","astra-migrate-meta-layouts":"default","ast-page-background-enabled":"default","ast-page-background-meta":{"desktop":{"background-color":"var(--ast-global-color-5)","background-image":"","background-repeat":"repeat","background-position":"center center","background-size":"auto","background-attachment":"scroll","background-type":"","background-media":"","overlay-type":"","overlay-color":"","overlay-opacity":"","overlay-gradient":""},"tablet":{"background-color":"","background-image":"","background-repeat":"repeat","background-position":"center center","background-size":"auto","background-attachment":"scroll","background-type":"","background-media":"","overlay-type":"","overlay-color":"","overlay-opacity":"","overlay-gradient":""},"mobile":{"background-color":"","background-image":"","background-repeat":"repeat","background-position":"center center","background-size":"auto","background-attachment":"scroll","background-type":"","background-media":"","overlay-type":"","overlay-color":"","overlay-opacity":"","overlay-gradient":""}},"ast-content-background-meta":{"desktop":{"background-color":"var(--ast-global-color-4)","background-image":"","background-repeat":"repeat","background-position":"center center","background-size":"auto","background-attachment":"scroll","background-type":"","background-media":"","overlay-type":"","overlay-color":"","overlay-opacity":"","overlay-gradient":""},"tablet":{"background-color":"var(--ast-global-color-4)","background-image":"","background-repeat":"repeat","background-position":"center center","background-size":"auto","background-attachment":"scroll","background-type":"","background-media":"","overlay-type":"","overlay-color":"","overlay-opacity":"","overlay-gradient":""},"mobile":{"background-color":"var(--ast-global-color-4)","background-image":"","background-repeat":"repeat","background-position":"center center","background-size":"auto","background-attachment":"scroll","background-type":"","background-media":"","overlay-type":"","overlay-color":"","overlay-opacity":"","overlay-gradient":""}},"footnotes":""},"class_list":["post-86","page","type-page","status-publish","hentry"],"_links":{"self":[{"href":"https:\/\/www.larecolteduraleur.fr\/index.php\/wp-json\/wp\/v2\/pages\/86","targetHints":{"allow":["GET"]}}],"collection":[{"href":"https:\/\/www.larecolteduraleur.fr\/index.php\/wp-json\/wp\/v2\/pages"}],"about":[{"href":"https:\/\/www.larecolteduraleur.fr\/index.php\/wp-json\/wp\/v2\/types\/page"}],"author":[{"embeddable":true,"href":"https:\/\/www.larecolteduraleur.fr\/index.php\/wp-json\/wp\/v2\/users\/1"}],"replies":[{"embeddable":true,"href":"https:\/\/www.larecolteduraleur.fr\/index.php\/wp-json\/wp\/v2\/comments?post=86"}],"version-history":[{"count":138,"href":"https:\/\/www.larecolteduraleur.fr\/index.php\/wp-json\/wp\/v2\/pages\/86\/revisions"}],"predecessor-version":[{"id":716,"href":"https:\/\/www.larecolteduraleur.fr\/index.php\/wp-json\/wp\/v2\/pages\/86\/revisions\/716"}],"wp:attachment":[{"href":"https:\/\/www.larecolteduraleur.fr\/index.php\/wp-json\/wp\/v2\/media?parent=86"}],"curies":[{"name":"wp","href":"https:\/\/api.w.org\/{rel}","templated":true}]}}